{"id":50,"date":"2020-09-01T22:41:23","date_gmt":"2020-09-01T20:41:23","guid":{"rendered":"http:\/\/ptsm.com.pl\/simorg\/?page_id=50"},"modified":"2025-12-04T09:03:51","modified_gmt":"2025-12-04T08:03:51","slug":"partnerstwo","status":"publish","type":"page","link":"http:\/\/ptsm.com.pl\/simorg\/?page_id=50","title":{"rendered":"Partnerstwo i wsp\u00f3\u0142praca naukowa"},"content":{"rendered":"\t\t<div data-elementor-type=\"wp-page\" data-elementor-id=\"50\" class=\"elementor elementor-50\">\n\t\t\t\t\t\t<div class=\"elementor-inner\">\n\t\t\t\t<div class=\"elementor-section-wrap\">\n\t\t\t\t\t\t\t\t\t<section class=\"elementor-section elementor-top-section elementor-element elementor-element-dd33fc9 elementor-section-boxed elementor-section-height-default elementor-section-height-default\" data-id=\"dd33fc9\" data-element_type=\"section\">\n\t\t\t\t\t\t<div class=\"elementor-container elementor-column-gap-default\">\n\t\t\t\t\t\t\t<div class=\"elementor-row\">\n\t\t\t\t\t<div class=\"elementor-column elementor-col-33 elementor-top-column elementor-element elementor-element-b32bbae\" data-id=\"b32bbae\" data-element_type=\"column\">\n\t\t\t<div class=\"elementor-column-wrap elementor-element-populated\">\n\t\t\t\t\t\t\t<div class=\"elementor-widget-wrap\">\n\t\t\t\t\t\t<div class=\"elementor-element elementor-element-3cd3066 elementor-widget elementor-widget-image\" data-id=\"3cd3066\" data-element_type=\"widget\" data-widget_type=\"image.default\">\n\t\t\t\t<div class=\"elementor-widget-container\">\n\t\t\t\t\t\t\t\t<div class=\"elementor-image\">\n\t\t\t\t\t\t\t\t\t\t\t\t\t<a href=\"https:\/\/www.signavitae.com\/special-issues\/1415196584713306112\" target=\"_blank\">\n\t\t\t\t\t\t\t<img loading=\"lazy\" decoding=\"async\" width=\"300\" height=\"122\" src=\"http:\/\/ptsm.com.pl\/simorg\/wp-content\/uploads\/2022\/11\/logo-signia-vitae-logo-red2-300x122.jpg\" class=\"attachment-medium size-medium wp-image-670\" alt=\"\" srcset=\"http:\/\/ptsm.com.pl\/simorg\/wp-content\/uploads\/2022\/11\/logo-signia-vitae-logo-red2-300x122.jpg 300w, http:\/\/ptsm.com.pl\/simorg\/wp-content\/uploads\/2022\/11\/logo-signia-vitae-logo-red2.jpg 600w\" sizes=\"(max-width: 300px) 100vw, 300px\" \/>\t\t\t\t\t\t\t\t<\/a>\n\t\t\t\t\t\t\t\t\t\t\t\t\t\t<\/div>\n\t\t\t\t\t\t<\/div>\n\t\t\t\t<\/div>\n\t\t\t\t\t\t<\/div>\n\t\t\t\t\t<\/div>\n\t\t<\/div>\n\t\t\t\t<div class=\"elementor-column elementor-col-33 elementor-top-column elementor-element elementor-element-91467b3\" data-id=\"91467b3\" data-element_type=\"column\">\n\t\t\t<div class=\"elementor-column-wrap elementor-element-populated\">\n\t\t\t\t\t\t\t<div class=\"elementor-widget-wrap\">\n\t\t\t\t\t\t<div class=\"elementor-element elementor-element-b0fea9f elementor-widget elementor-widget-image\" data-id=\"b0fea9f\" data-element_type=\"widget\" data-widget_type=\"image.default\">\n\t\t\t\t<div class=\"elementor-widget-container\">\n\t\t\t\t\t\t\t\t<div class=\"elementor-image\">\n\t\t\t\t\t\t\t\t\t\t\t\t\t<a href=\"https:\/\/www.ptmk.org\" target=\"_blank\">\n\t\t\t\t\t\t\t<img loading=\"lazy\" decoding=\"async\" width=\"274\" height=\"90\" src=\"http:\/\/ptsm.com.pl\/simorg\/wp-content\/uploads\/2022\/11\/ptmk.png\" class=\"attachment-medium size-medium wp-image-660\" alt=\"\" \/>\t\t\t\t\t\t\t\t<\/a>\n\t\t\t\t\t\t\t\t\t\t\t\t\t\t<\/div>\n\t\t\t\t\t\t<\/div>\n\t\t\t\t<\/div>\n\t\t\t\t\t\t<\/div>\n\t\t\t\t\t<\/div>\n\t\t<\/div>\n\t\t\t\t<div class=\"elementor-column elementor-col-33 elementor-top-column elementor-element elementor-element-a76b1ea\" data-id=\"a76b1ea\" data-element_type=\"column\">\n\t\t\t<div class=\"elementor-column-wrap elementor-element-populated\">\n\t\t\t\t\t\t\t<div class=\"elementor-widget-wrap\">\n\t\t\t\t\t\t<div class=\"elementor-element elementor-element-37307db elementor-widget elementor-widget-image\" data-id=\"37307db\" data-element_type=\"widget\" data-widget_type=\"image.default\">\n\t\t\t\t<div class=\"elementor-widget-container\">\n\t\t\t\t\t\t\t\t<div class=\"elementor-image\">\n\t\t\t\t\t\t\t\t\t\t\t\t\t<a href=\"https:\/\/pl-pl.facebook.com\/Pielegniarstwo\/\" target=\"_blank\">\n\t\t\t\t\t\t\t<img loading=\"lazy\" decoding=\"async\" width=\"300\" height=\"281\" src=\"http:\/\/ptsm.com.pl\/simorg\/wp-content\/uploads\/2022\/10\/ptp_logo-300x281.jpg\" class=\"attachment-medium size-medium wp-image-594\" alt=\"\" srcset=\"http:\/\/ptsm.com.pl\/simorg\/wp-content\/uploads\/2022\/10\/ptp_logo-300x281.jpg 300w, http:\/\/ptsm.com.pl\/simorg\/wp-content\/uploads\/2022\/10\/ptp_logo.jpg 320w\" sizes=\"(max-width: 300px) 100vw, 300px\" \/>\t\t\t\t\t\t\t\t<\/a>\n\t\t\t\t\t\t\t\t\t\t\t\t\t\t<\/div>\n\t\t\t\t\t\t<\/div>\n\t\t\t\t<\/div>\n\t\t\t\t\t\t<\/div>\n\t\t\t\t\t<\/div>\n\t\t<\/div>\n\t\t\t\t\t\t\t\t<\/div>\n\t\t\t\t\t<\/div>\n\t\t<\/section>\n\t\t\t\t<section class=\"elementor-section elementor-top-section elementor-element elementor-element-f809579 elementor-section-boxed elementor-section-height-default elementor-section-height-default\" data-id=\"f809579\" data-element_type=\"section\">\n\t\t\t\t\t\t<div class=\"elementor-container elementor-column-gap-default\">\n\t\t\t\t\t\t\t<div class=\"elementor-row\">\n\t\t\t\t\t<div class=\"elementor-column elementor-col-33 elementor-top-column elementor-element elementor-element-8c42d0c\" data-id=\"8c42d0c\" data-element_type=\"column\">\n\t\t\t<div class=\"elementor-column-wrap\">\n\t\t\t\t\t\t\t<div class=\"elementor-widget-wrap\">\n\t\t\t\t\t\t\t\t<\/div>\n\t\t\t\t\t<\/div>\n\t\t<\/div>\n\t\t\t\t<div class=\"elementor-column elementor-col-33 elementor-top-column elementor-element elementor-element-b9f35d8\" data-id=\"b9f35d8\" data-element_type=\"column\">\n\t\t\t<div class=\"elementor-column-wrap elementor-element-populated\">\n\t\t\t\t\t\t\t<div class=\"elementor-widget-wrap\">\n\t\t\t\t\t\t<div class=\"elementor-element elementor-element-81c199a elementor-widget elementor-widget-image\" data-id=\"81c199a\" data-element_type=\"widget\" data-widget_type=\"image.default\">\n\t\t\t\t<div class=\"elementor-widget-container\">\n\t\t\t\t\t\t\t\t<div class=\"elementor-image\">\n\t\t\t\t\t\t\t\t\t\t\t\t\t<a href=\"https:\/\/www.irdim.net\/cci\/index.html\" target=\"_blank\">\n\t\t\t\t\t\t\t<img loading=\"lazy\" decoding=\"async\" width=\"1024\" height=\"374\" src=\"http:\/\/ptsm.com.pl\/simorg\/wp-content\/uploads\/2025\/12\/logo-CCI-1024x374.jpg\" class=\"attachment-large size-large wp-image-2192\" alt=\"\" srcset=\"http:\/\/ptsm.com.pl\/simorg\/wp-content\/uploads\/2025\/12\/logo-CCI-1024x374.jpg 1024w, http:\/\/ptsm.com.pl\/simorg\/wp-content\/uploads\/2025\/12\/logo-CCI-300x110.jpg 300w, http:\/\/ptsm.com.pl\/simorg\/wp-content\/uploads\/2025\/12\/logo-CCI-768x281.jpg 768w, http:\/\/ptsm.com.pl\/simorg\/wp-content\/uploads\/2025\/12\/logo-CCI-1536x561.jpg 1536w, http:\/\/ptsm.com.pl\/simorg\/wp-content\/uploads\/2025\/12\/logo-CCI.jpg 1702w\" sizes=\"(max-width: 1024px) 100vw, 1024px\" \/>\t\t\t\t\t\t\t\t<\/a>\n\t\t\t\t\t\t\t\t\t\t\t\t\t\t<\/div>\n\t\t\t\t\t\t<\/div>\n\t\t\t\t<\/div>\n\t\t\t\t\t\t<\/div>\n\t\t\t\t\t<\/div>\n\t\t<\/div>\n\t\t\t\t<div class=\"elementor-column elementor-col-33 elementor-top-column elementor-element elementor-element-3271d80\" data-id=\"3271d80\" data-element_type=\"column\">\n\t\t\t<div class=\"elementor-column-wrap\">\n\t\t\t\t\t\t\t<div class=\"elementor-widget-wrap\">\n\t\t\t\t\t\t\t\t<\/div>\n\t\t\t\t\t<\/div>\n\t\t<\/div>\n\t\t\t\t\t\t\t\t<\/div>\n\t\t\t\t\t<\/div>\n\t\t<\/section>\n\t\t\t\t<section class=\"elementor-section elementor-top-section elementor-element elementor-element-c77af8a elementor-section-boxed elementor-section-height-default elementor-section-height-default\" data-id=\"c77af8a\" data-element_type=\"section\">\n\t\t\t\t\t\t<div class=\"elementor-container elementor-column-gap-default\">\n\t\t\t\t\t\t\t<div class=\"elementor-row\">\n\t\t\t\t\t<div class=\"elementor-column elementor-col-33 elementor-top-column elementor-element elementor-element-134b73f\" data-id=\"134b73f\" data-element_type=\"column\">\n\t\t\t<div class=\"elementor-column-wrap elementor-element-populated\">\n\t\t\t\t\t\t\t<div class=\"elementor-widget-wrap\">\n\t\t\t\t\t\t<div class=\"elementor-element elementor-element-d64ae28 elementor-widget elementor-widget-image\" data-id=\"d64ae28\" data-element_type=\"widget\" data-widget_type=\"image.default\">\n\t\t\t\t<div class=\"elementor-widget-container\">\n\t\t\t\t\t\t\t\t<div class=\"elementor-image\">\n\t\t\t\t\t\t\t\t\t\t\t\t<img loading=\"lazy\" decoding=\"async\" width=\"272\" height=\"107\" src=\"http:\/\/ptsm.com.pl\/simorg\/wp-content\/uploads\/2022\/10\/laerdal.png\" class=\"attachment-large size-large wp-image-633\" alt=\"\" \/>\t\t\t\t\t\t\t\t\t\t\t\t\t\t<\/div>\n\t\t\t\t\t\t<\/div>\n\t\t\t\t<\/div>\n\t\t\t\t\t\t<\/div>\n\t\t\t\t\t<\/div>\n\t\t<\/div>\n\t\t\t\t<div class=\"elementor-column elementor-col-33 elementor-top-column elementor-element elementor-element-a453adf\" data-id=\"a453adf\" data-element_type=\"column\">\n\t\t\t<div class=\"elementor-column-wrap elementor-element-populated\">\n\t\t\t\t\t\t\t<div class=\"elementor-widget-wrap\">\n\t\t\t\t\t\t<div class=\"elementor-element elementor-element-ccb7316 elementor-widget elementor-widget-image\" data-id=\"ccb7316\" data-element_type=\"widget\" data-widget_type=\"image.default\">\n\t\t\t\t<div class=\"elementor-widget-container\">\n\t\t\t\t\t\t\t\t<div class=\"elementor-image\">\n\t\t\t\t\t\t\t\t\t\t\t\t\t<a href=\"http:\/\/www.midline.academy\" target=\"_blank\">\n\t\t\t\t\t\t\t<img loading=\"lazy\" decoding=\"async\" width=\"300\" height=\"195\" src=\"http:\/\/ptsm.com.pl\/simorg\/wp-content\/uploads\/2022\/12\/Midline_Academy-300x195.png\" class=\"attachment-medium size-medium wp-image-1210\" alt=\"\" srcset=\"http:\/\/ptsm.com.pl\/simorg\/wp-content\/uploads\/2022\/12\/Midline_Academy-300x195.png 300w, http:\/\/ptsm.com.pl\/simorg\/wp-content\/uploads\/2022\/12\/Midline_Academy.png 512w\" sizes=\"(max-width: 300px) 100vw, 300px\" \/>\t\t\t\t\t\t\t\t<\/a>\n\t\t\t\t\t\t\t\t\t\t\t\t\t\t<\/div>\n\t\t\t\t\t\t<\/div>\n\t\t\t\t<\/div>\n\t\t\t\t\t\t<\/div>\n\t\t\t\t\t<\/div>\n\t\t<\/div>\n\t\t\t\t<div class=\"elementor-column elementor-col-33 elementor-top-column elementor-element elementor-element-b68eaa4\" data-id=\"b68eaa4\" data-element_type=\"column\">\n\t\t\t<div class=\"elementor-column-wrap elementor-element-populated\">\n\t\t\t\t\t\t\t<div class=\"elementor-widget-wrap\">\n\t\t\t\t\t\t<div class=\"elementor-element elementor-element-1476317 elementor-widget elementor-widget-image\" data-id=\"1476317\" data-element_type=\"widget\" data-widget_type=\"image.default\">\n\t\t\t\t<div class=\"elementor-widget-container\">\n\t\t\t\t\t\t\t\t<div class=\"elementor-image\">\n\t\t\t\t\t\t\t\t\t\t\t\t<img loading=\"lazy\" decoding=\"async\" width=\"242\" height=\"84\" src=\"http:\/\/ptsm.com.pl\/simorg\/wp-content\/uploads\/2022\/10\/simedu.png\" class=\"attachment-large size-large wp-image-644\" alt=\"\" \/>\t\t\t\t\t\t\t\t\t\t\t\t\t\t<\/div>\n\t\t\t\t\t\t<\/div>\n\t\t\t\t<\/div>\n\t\t\t\t\t\t<\/div>\n\t\t\t\t\t<\/div>\n\t\t<\/div>\n\t\t\t\t\t\t\t\t<\/div>\n\t\t\t\t\t<\/div>\n\t\t<\/section>\n\t\t\t\t<section class=\"elementor-section elementor-top-section elementor-element elementor-element-bbee914 elementor-section-boxed elementor-section-height-default elementor-section-height-default\" data-id=\"bbee914\" data-element_type=\"section\">\n\t\t\t\t\t\t<div class=\"elementor-container elementor-column-gap-default\">\n\t\t\t\t\t\t\t<div class=\"elementor-row\">\n\t\t\t\t\t<div class=\"elementor-column elementor-col-100 elementor-top-column elementor-element elementor-element-bbb90da\" data-id=\"bbb90da\" data-element_type=\"column\">\n\t\t\t<div class=\"elementor-column-wrap elementor-element-populated\">\n\t\t\t\t\t\t\t<div class=\"elementor-widget-wrap\">\n\t\t\t\t\t\t<div class=\"elementor-element elementor-element-5fa5482 elementor-widget-divider--view-line elementor-widget elementor-widget-divider\" data-id=\"5fa5482\" data-element_type=\"widget\" data-widget_type=\"divider.default\">\n\t\t\t\t<div class=\"elementor-widget-container\">\n\t\t\t\t\t<div class=\"elementor-divider\">\n\t\t\t<span class=\"elementor-divider-separator\">\n\t\t\t\t\t\t<\/span>\n\t\t<\/div>\n\t\t\t\t<\/div>\n\t\t\t\t<\/div>\n\t\t\t\t<div class=\"elementor-element elementor-element-6c2c258 elementor-widget elementor-widget-text-editor\" data-id=\"6c2c258\" data-element_type=\"widget\" data-widget_type=\"text-editor.default\">\n\t\t\t\t<div class=\"elementor-widget-container\">\n\t\t\t\t\t\t\t\t<div class=\"elementor-text-editor elementor-clearfix\">\n\t\t\t\t<p><strong>Towarzystwo wsp\u00f3\u0142pracuje z krajowymi i mi\u0119dzynarodowymi organizacjami:<\/strong><\/p><ul><li>Krajowe: PTP,\u00a0 Midline Academy,\u00a0 PTPAIO,\u00a0 Critical Care Innovations (CCI Journal)<\/li><li>Mi\u0119dzynarodowe: ELSO,\u00a0 SESAM,\u00a0 AMSA<\/li><\/ul>\t\t\t\t\t<\/div>\n\t\t\t\t\t\t<\/div>\n\t\t\t\t<\/div>\n\t\t\t\t<div class=\"elementor-element elementor-element-bcb2956 elementor-widget-divider--view-line elementor-widget elementor-widget-divider\" data-id=\"bcb2956\" data-element_type=\"widget\" data-widget_type=\"divider.default\">\n\t\t\t\t<div class=\"elementor-widget-container\">\n\t\t\t\t\t<div class=\"elementor-divider\">\n\t\t\t<span class=\"elementor-divider-separator\">\n\t\t\t\t\t\t<\/span>\n\t\t<\/div>\n\t\t\t\t<\/div>\n\t\t\t\t<\/div>\n\t\t\t\t\t\t<\/div>\n\t\t\t\t\t<\/div>\n\t\t<\/div>\n\t\t\t\t\t\t\t\t<\/div>\n\t\t\t\t\t<\/div>\n\t\t<\/section>\n\t\t\t\t<section class=\"elementor-section elementor-top-section elementor-element elementor-element-56d913f elementor-section-boxed elementor-section-height-default elementor-section-height-default\" data-id=\"56d913f\" data-element_type=\"section\">\n\t\t\t\t\t\t<div class=\"elementor-container elementor-column-gap-default\">\n\t\t\t\t\t\t\t<div class=\"elementor-row\">\n\t\t\t\t\t<div class=\"elementor-column elementor-col-100 elementor-top-column elementor-element elementor-element-a9656e3\" data-id=\"a9656e3\" data-element_type=\"column\">\n\t\t\t<div class=\"elementor-column-wrap elementor-element-populated\">\n\t\t\t\t\t\t\t<div class=\"elementor-widget-wrap\">\n\t\t\t\t\t\t<div class=\"elementor-element elementor-element-e73c650 elementor-widget elementor-widget-text-editor\" data-id=\"e73c650\" data-element_type=\"widget\" data-widget_type=\"text-editor.default\">\n\t\t\t\t<div class=\"elementor-widget-container\">\n\t\t\t\t\t\t\t\t<div class=\"elementor-text-editor elementor-clearfix\">\n\t\t\t\t<p><strong>PATRONAT POLSKIEGO TOWARZYSTWA SYMULACJI MEDYCZNEJ<\/strong><\/p><ul><li>Z olbrzymi\u0105 rado\u015bci\u0105 i satysfakcj\u0105 sk\u0142adamy na r\u0119ce Pani dr n. farm. \u0141ucji Zieli\u0144skiej-Tomczak, Patronat Polskiego Towarzystwa Symulacji Medycznej, kt\u00f3rym z przyjemno\u015bci\u0105 obejmujemy studia podyplomowe \u201eProfesjonalne Doradztwo i Opieka Farmaceutyczna w Aptece Og\u00f3lnodost\u0119pnej\u201d.<\/li><li>Og\u00f3lnopolskie Zawody Symulacji Medycznej SimChallenge 2019, stanowi\u0105ce integraln\u0105 cz\u0119\u015b\u0107 VII Konferencji Edukacji i Symulacji Medycznej dla Student\u00f3w i M\u0142odych Lekarzy MedIQ 2019.<\/li><\/ul>\t\t\t\t\t<\/div>\n\t\t\t\t\t\t<\/div>\n\t\t\t\t<\/div>\n\t\t\t\t<div class=\"elementor-element elementor-element-7b383a3 elementor-widget-divider--view-line elementor-widget elementor-widget-divider\" data-id=\"7b383a3\" data-element_type=\"widget\" data-widget_type=\"divider.default\">\n\t\t\t\t<div class=\"elementor-widget-container\">\n\t\t\t\t\t<div class=\"elementor-divider\">\n\t\t\t<span class=\"elementor-divider-separator\">\n\t\t\t\t\t\t<\/span>\n\t\t<\/div>\n\t\t\t\t<\/div>\n\t\t\t\t<\/div>\n\t\t\t\t\t\t<\/div>\n\t\t\t\t\t<\/div>\n\t\t<\/div>\n\t\t\t\t\t\t\t\t<\/div>\n\t\t\t\t\t<\/div>\n\t\t<\/section>\n\t\t\t\t<section class=\"elementor-section elementor-top-section elementor-element elementor-element-3fd928c elementor-section-boxed elementor-section-height-default elementor-section-height-default\" data-id=\"3fd928c\" data-element_type=\"section\">\n\t\t\t\t\t\t<div class=\"elementor-container elementor-column-gap-default\">\n\t\t\t\t\t\t\t<div class=\"elementor-row\">\n\t\t\t\t\t<div class=\"elementor-column elementor-col-100 elementor-top-column elementor-element elementor-element-aacfeda\" data-id=\"aacfeda\" data-element_type=\"column\">\n\t\t\t<div class=\"elementor-column-wrap elementor-element-populated\">\n\t\t\t\t\t\t\t<div class=\"elementor-widget-wrap\">\n\t\t\t\t\t\t<div class=\"elementor-element elementor-element-114115d elementor-widget elementor-widget-text-editor\" data-id=\"114115d\" data-element_type=\"widget\" data-widget_type=\"text-editor.default\">\n\t\t\t\t<div class=\"elementor-widget-container\">\n\t\t\t\t\t\t\t\t<div class=\"elementor-text-editor elementor-clearfix\">\n\t\t\t\t<h2 style=\"text-align: center;\"><strong>Mapa O\u015brodk\u00f3w Symulacji Medycznej w Polsce<\/strong><\/h2>\t\t\t\t\t<\/div>\n\t\t\t\t\t\t<\/div>\n\t\t\t\t<\/div>\n\t\t\t\t\t\t<\/div>\n\t\t\t\t\t<\/div>\n\t\t<\/div>\n\t\t\t\t\t\t\t\t<\/div>\n\t\t\t\t\t<\/div>\n\t\t<\/section>\n\t\t\t\t<section class=\"elementor-section elementor-top-section elementor-element elementor-element-bbf49e8 elementor-section-boxed elementor-section-height-default elementor-section-height-default\" data-id=\"bbf49e8\" data-element_type=\"section\">\n\t\t\t\t\t\t<div class=\"elementor-container elementor-column-gap-default\">\n\t\t\t\t\t\t\t<div class=\"elementor-row\">\n\t\t\t\t\t<div class=\"elementor-column elementor-col-100 elementor-top-column elementor-element elementor-element-5b1a081\" data-id=\"5b1a081\" data-element_type=\"column\">\n\t\t\t<div class=\"elementor-column-wrap elementor-element-populated\">\n\t\t\t\t\t\t\t<div class=\"elementor-widget-wrap\">\n\t\t\t\t\t\t<div class=\"elementor-element elementor-element-474941c elementor-widget-divider--view-line elementor-widget elementor-widget-divider\" data-id=\"474941c\" data-element_type=\"widget\" data-widget_type=\"divider.default\">\n\t\t\t\t<div class=\"elementor-widget-container\">\n\t\t\t\t\t<div class=\"elementor-divider\">\n\t\t\t<span class=\"elementor-divider-separator\">\n\t\t\t\t\t\t<\/span>\n\t\t<\/div>\n\t\t\t\t<\/div>\n\t\t\t\t<\/div>\n\t\t\t\t\t\t<\/div>\n\t\t\t\t\t<\/div>\n\t\t<\/div>\n\t\t\t\t\t\t\t\t<\/div>\n\t\t\t\t\t<\/div>\n\t\t<\/section>\n\t\t\t\t<section class=\"elementor-section elementor-top-section elementor-element elementor-element-f53fa59 elementor-section-boxed elementor-section-height-default elementor-section-height-default\" data-id=\"f53fa59\" data-element_type=\"section\">\n\t\t\t\t\t\t<div class=\"elementor-container elementor-column-gap-default\">\n\t\t\t\t\t\t\t<div class=\"elementor-row\">\n\t\t\t\t\t<div class=\"elementor-column elementor-col-100 elementor-top-column elementor-element elementor-element-2162d65\" data-id=\"2162d65\" data-element_type=\"column\">\n\t\t\t<div class=\"elementor-column-wrap elementor-element-populated\">\n\t\t\t\t\t\t\t<div class=\"elementor-widget-wrap\">\n\t\t\t\t\t\t<div class=\"elementor-element elementor-element-4a6d229 elementor-widget elementor-widget-html\" data-id=\"4a6d229\" data-element_type=\"widget\" data-widget_type=\"html.default\">\n\t\t\t\t<div class=\"elementor-widget-container\">\n\t\t\t<p style=\"text-align: center;\"><iframe loading=\"lazy\" src=\"https:\/\/www.google.com\/maps\/d\/u\/0\/embed?mid=1VDm6xcZ6CAzM62W1j2XUiL0x_QwlvaI&amp;ehbc=2E312F\" width=\"800\" height=\"600\"><\/iframe><\/p>\t\t<\/div>\n\t\t\t\t<\/div>\n\t\t\t\t\t\t<\/div>\n\t\t\t\t\t<\/div>\n\t\t<\/div>\n\t\t\t\t\t\t\t\t<\/div>\n\t\t\t\t\t<\/div>\n\t\t<\/section>\n\t\t\t\t\t\t\t\t\t<\/div>\n\t\t\t<\/div>\n\t\t\t\t\t<\/div>\n\t\t","protected":false},"excerpt":{"rendered":"<p>Towarzystwo wsp\u00f3\u0142pracuje z krajowymi i mi\u0119dzynarodowymi organizacjami: Krajowe: PTP,\u00a0 Midline Academy,\u00a0 PTPAIO,\u00a0 Critical Care Innovations (CCI Journal) Mi\u0119dzynarodowe: ELSO,\u00a0 SESAM,\u00a0 AMSA PATRONAT POLSKIEGO TOWARZYSTWA SYMULACJI MEDYCZNEJ Z olbrzymi\u0105 rado\u015bci\u0105 i satysfakcj\u0105 sk\u0142adamy na r\u0119ce Pani dr n. farm. \u0141ucji Zieli\u0144skiej-Tomczak, Patronat Polskiego Towarzystwa Symulacji Medycznej, kt\u00f3rym z przyjemno\u015bci\u0105 obejmujemy studia podyplomowe \u201eProfesjonalne Doradztwo i Opieka&hellip;<\/p>\n","protected":false},"author":1,"featured_media":0,"parent":0,"menu_order":0,"comment_status":"closed","ping_status":"closed","template":"","meta":{"footnotes":""},"_links":{"self":[{"href":"http:\/\/ptsm.com.pl\/simorg\/index.php?rest_route=\/wp\/v2\/pages\/50"}],"collection":[{"href":"http:\/\/ptsm.com.pl\/simorg\/index.php?rest_route=\/wp\/v2\/pages"}],"about":[{"href":"http:\/\/ptsm.com.pl\/simorg\/index.php?rest_route=\/wp\/v2\/types\/page"}],"author":[{"embeddable":true,"href":"http:\/\/ptsm.com.pl\/simorg\/index.php?rest_route=\/wp\/v2\/users\/1"}],"replies":[{"embeddable":true,"href":"http:\/\/ptsm.com.pl\/simorg\/index.php?rest_route=%2Fwp%2Fv2%2Fcomments&post=50"}],"version-history":[{"count":181,"href":"http:\/\/ptsm.com.pl\/simorg\/index.php?rest_route=\/wp\/v2\/pages\/50\/revisions"}],"predecessor-version":[{"id":2215,"href":"http:\/\/ptsm.com.pl\/simorg\/index.php?rest_route=\/wp\/v2\/pages\/50\/revisions\/2215"}],"wp:attachment":[{"href":"http:\/\/ptsm.com.pl\/simorg\/index.php?rest_route=%2Fwp%2Fv2%2Fmedia&parent=50"}],"curies":[{"name":"wp","href":"https:\/\/api.w.org\/{rel}","templated":true}]}}